{"id":3758,"date":"2024-02-02T14:36:01","date_gmt":"2024-02-02T13:36:01","guid":{"rendered":"https:\/\/archiwum.mops-bialapodlaska.pl\/?page_id=3758"},"modified":"2024-03-19T20:39:37","modified_gmt":"2024-03-19T19:39:37","slug":"program-opieka-wytchnieniowa-dla-jst-2024","status":"publish","type":"page","link":"https:\/\/archiwum.mops-bialapodlaska.pl\/?page_id=3758","title":{"rendered":"Program &#8222;Opieka wytchnieniowa&#8221; dla JST 2024"},"content":{"rendered":"\n<h2><strong>Program &#8222;Opieka wytchnieniowa&#8221; dla Jednostek Samorz\u0105du Terytorialnego &#8211; edycja 2024<\/strong><\/h2>\n\n\n\n<p>Miasto Bia\u0142a Podlaska przyst\u0105pi\u0142o do Programu Ministra Rodziny i Polityki Spo\u0142ecznej \u201eOpieka wytchnieniowa\u201d dla\u00a0Jednostek Samorz\u0105du Terytorialnego \u2212 edycja 2024. Program b\u0119dzie realizowany przez\u00a0Miejski O\u015brodek Pomocy Spo\u0142ecznej w Bia\u0142ej Podlaskiej. Wsparcie w\u00a0ramach Programu finansowane jest ze \u015brodk\u00f3w Funduszu Solidarno\u015bciowego w\u00a02024 roku.<\/p>\n\n\n\n<p><a rel=\"noreferrer noopener\" href=\"https:\/\/archiwum.mops-bialapodlaska.pl\/wp-content\/uploads\/2024\/03\/Informacje_OW_2024_na-str_int_zgodnie-z-wytycznymi.pdf\" target=\"_blank\"><mark style=\"background-color:rgba(0, 0, 0, 0)\" class=\"has-inline-color has-vivid-cyan-blue-color\">Informacji o otrzymanym dofinansowaniu ze \u015brodk\u00f3w Funduszu Solidarno\u015bciowego na\u00a0realizacj\u0119 resortowego Programu Ministra Rodziny i Polityki Spo\u0142ecznej \u201eOpieka wytchnieniowa\u201d dla\u00a0Jednostek Samorz\u0105du Terytorialnego \u2212 edycja 2024<\/mark><\/a>  (pdf, 293 KB)<\/p>\n\n\n\n<p>Pliki do pobrania:<\/p>\n\n\n\n<p><a rel=\"noreferrer noopener\" href=\"https:\/\/archiwum.mops-bialapodlaska.pl\/wp-content\/uploads\/2024\/02\/Program-ow-jst-edycja-2024.pdf\" target=\"_blank\"><mark style=\"background-color:rgba(0, 0, 0, 0)\" class=\"has-inline-color has-vivid-cyan-blue-color\">Programu &#8222;Opieka wytchnieniowa&#8221; dla Jednostek Samorz\u0105du Terytorialnego &#8211; edycja 2024<\/mark><\/a>  (pdf 312 KB)<\/p>\n\n\n\n<p><a rel=\"noreferrer noopener\" href=\"https:\/\/archiwum.mops-bialapodlaska.pl\/wp-content\/uploads\/2024\/02\/Ogloszenie_nabor_zgloszen_ow_2024.pdf\" target=\"_blank\"><mark style=\"background-color:rgba(0, 0, 0, 0)\" class=\"has-inline-color has-vivid-cyan-blue-color\">Og\u0142oszenie o naborze do Programu &#8222;Opieka wytchnieniowa&#8221; dla Jednostek Samorz\u0105du Terytorialnego &#8211; edycja 2024<\/mark><\/a>  (pdf 126 KB)<\/p>\n\n\n\n<p><a href=\"https:\/\/archiwum.mops-bialapodlaska.pl\/wp-content\/uploads\/2024\/02\/Obowiazek_informacyjny_OW_2024.pdf\" target=\"_blank\" rel=\"noreferrer noopener\"><mark style=\"background-color:rgba(0, 0, 0, 0)\" class=\"has-inline-color has-vivid-cyan-blue-color\">Obowi\u0105zek informacyjny<\/mark><\/a>  (pdf 280 KB)<\/p>\n\n\n\n<p><a href=\"https:\/\/archiwum.mops-bialapodlaska.pl\/wp-content\/uploads\/2024\/02\/Oswiadczenie_o_sprawowaniu_opieki.pdf\" target=\"_blank\" rel=\"noreferrer noopener\"><mark style=\"background-color:rgba(0, 0, 0, 0)\" class=\"has-inline-color has-vivid-cyan-blue-color\">O\u015bwiadczenie o sprawowaniu opieki<\/mark><\/a>  (pdf 433 KB)<\/p>\n\n\n\n<p><a href=\"https:\/\/archiwum.mops-bialapodlaska.pl\/wp-content\/uploads\/2024\/02\/Zal_7_OW_JST_2024_karta_zgloszenia.pdf\" target=\"_blank\" rel=\"noreferrer noopener\"><mark style=\"background-color:rgba(0, 0, 0, 0)\" class=\"has-inline-color has-vivid-cyan-blue-color\">Za\u0142\u0105cznik nr 7 &#8211; karta zg\u0142oszenia<\/mark><\/a>  (pdf 1 MB)<\/p>\n\n\n\n<p><a href=\"https:\/\/archiwum.mops-bialapodlaska.pl\/wp-content\/uploads\/2024\/02\/Zal_12_OW_JST_2024_klauzula_rodo.pdf\" target=\"_blank\" rel=\"noreferrer noopener\"><mark style=\"background-color:rgba(0, 0, 0, 0)\" class=\"has-inline-color has-vivid-cyan-blue-color\">Za\u0142\u0105cznik nr 12 &#8211; klauzula RODO<\/mark><\/a>  (pdf 1 MB)<\/p>\n\n\n\n<p><\/p>\n","protected":false},"excerpt":{"rendered":"<p>Program &#8222;Opieka wytchnieniowa&#8221; dla Jednostek Samorz\u0105du Terytorialnego &#8211; edycja 2024 Miasto Bia\u0142a Podlaska przyst\u0105pi\u0142o do Programu Ministra Rodziny i Polityki Spo\u0142ecznej \u201eOpieka wytchnieniowa\u201d dla\u00a0Jednostek Samorz\u0105du Terytorialnego \u2212 edycja 2024. Program b\u0119dzie realizowany przez\u00a0Miejski O\u015brodek Pomocy Spo\u0142ecznej w Bia\u0142ej Podlaskiej. Wsparcie w\u00a0ramach Programu finansowane jest ze \u015brodk\u00f3w Funduszu Solidarno\u015bciowego w\u00a02024 roku. Informacji o otrzymanym dofinansowaniu ze [&hellip;]<\/p>\n","protected":false},"author":1,"featured_media":0,"parent":0,"menu_order":0,"comment_status":"closed","ping_status":"closed","template":"","meta":[],"_links":{"self":[{"href":"https:\/\/archiwum.mops-bialapodlaska.pl\/index.php?rest_route=\/wp\/v2\/pages\/3758"}],"collection":[{"href":"https:\/\/archiwum.mops-bialapodlaska.pl\/index.php?rest_route=\/wp\/v2\/pages"}],"about":[{"href":"https:\/\/archiwum.mops-bialapodlaska.pl\/index.php?rest_route=\/wp\/v2\/types\/page"}],"author":[{"embeddable":true,"href":"https:\/\/archiwum.mops-bialapodlaska.pl\/index.php?rest_route=\/wp\/v2\/users\/1"}],"replies":[{"embeddable":true,"href":"https:\/\/archiwum.mops-bialapodlaska.pl\/index.php?rest_route=%2Fwp%2Fv2%2Fcomments&post=3758"}],"version-history":[{"count":5,"href":"https:\/\/archiwum.mops-bialapodlaska.pl\/index.php?rest_route=\/wp\/v2\/pages\/3758\/revisions"}],"predecessor-version":[{"id":3904,"href":"https:\/\/archiwum.mops-bialapodlaska.pl\/index.php?rest_route=\/wp\/v2\/pages\/3758\/revisions\/3904"}],"wp:attachment":[{"href":"https:\/\/archiwum.mops-bialapodlaska.pl\/index.php?rest_route=%2Fwp%2Fv2%2Fmedia&parent=3758"}],"curies":[{"name":"wp","href":"https:\/\/api.w.org\/{rel}","templated":true}]}}