{"id":3179,"date":"2023-03-31T23:27:12","date_gmt":"2023-03-31T21:27:12","guid":{"rendered":"https:\/\/archiwum.mops-bialapodlaska.pl\/?page_id=3179"},"modified":"2023-04-01T17:01:40","modified_gmt":"2023-04-01T15:01:40","slug":"deklaracja-dostepnosci-2","status":"publish","type":"page","link":"https:\/\/archiwum.mops-bialapodlaska.pl\/?page_id=3179","title":{"rendered":"Deklaracja dost\u0119pno\u015bci"},"content":{"rendered":"\n<p>Miejski O\u015brodek Pomocy Spo\u0142ecznej w Bia\u0142ej Podlaskiej zobowi\u0105zuje si\u0119 zapewni\u0107 dost\u0119pno\u015b\u0107 swojej strony internetowej zgodnie z ustaw\u0105 z dnia 4 kwietnia 2019 r. o dost\u0119pno\u015bci cyfrowej stron internetowych i aplikacji mobilnych podmiot\u00f3w publicznych. O\u015bwiadczenie w sprawie dost\u0119pno\u015bci ma zastosowanie do <a href=\"https:\/\/archiwum.mops-bialapodlaska.pl\/\">strony internetowej Miejskiego O\u015brodka Pomocy Spo\u0142ecznej w Bia\u0142ej Podlaskiej <\/a>.<\/p>\n\n\n\n<p>Data publikacji strony internetowej: 2009-06-26<\/p>\n\n\n\n<p>.<br>Data aktualizacji:<\/p>\n\n\n\n<ul>\n<li>2020-08-18<\/li>\n\n\n\n<li>2022-02-21 cz\u0119\u015bciowo zaktualizowano na podstawie audytu przeprowadzonego przez podmiot zewn\u0119trzny \u2013 Centrum Bezpiecze\u0144stwa Informatycznego<\/li>\n<\/ul>\n\n\n\n<p>Strona internetowa jest cz\u0119\u015bciowo zgodna z ustaw\u0105 z dnia 4 kwietnia 2019 r. o dost\u0119pno\u015bci cyfrowej stron internetowych i aplikacji mobilnych podmiot\u00f3w publicznych z powodu niezgodno\u015bci lub wy\u0142\u0105cze\u0144 wymienionych poni\u017cej:<\/p>\n\n\n\n<ul>\n<li>Na stronie nie zapewniono alternatywy dla tre\u015bci nietekstowej,<\/li>\n\n\n\n<li>Na stronie zosta\u0142y zamieszczonej dokumenty jako skan wersji papierowych,<\/li>\n\n\n\n<li>Dla informacji brak w\u0142a\u015bciwej relacji,<\/li>\n\n\n\n<li>Na stronie nie okre\u015blono prawid\u0142owej warto\u015bci celu danych wej\u015bciowych,<\/li>\n\n\n\n<li>Zwi\u0119kszaj\u0105c rozmiar element\u00f3w strony internetowej w tym tekstu nast\u0119puje utrata zawarto\u015bci lub funkcjonalno\u015bci strony,<\/li>\n\n\n\n<li>Tre\u015bci spod kursora nie spe\u0142niaj\u0105 trzech g\u0142\u00f3wnych wymaga\u0144,<\/li>\n\n\n\n<li>Na stronie internetowej nie zawarto celu link\u00f3w w kontek\u015bcie.<\/li>\n\n\n\n<li>niekt\u00f3re filmy zosta\u0142y opublikowane przed wej\u015bciem w \u017cycie ustawy o dost\u0119pno\u015bci cyfrowej.<\/li>\n<\/ul>\n\n\n\n<p>Wy\u0142\u0105czenia:<\/p>\n\n\n\n<p>O\u015bwiadczenie sporz\u0105dzono dnia: 2020-09-21. Deklaracj\u0119 sporz\u0105dzono na podstawie samooceny przeprowadzonej przez podmiot publiczny.<\/p>\n\n\n\n<p>Deklaracj\u0119 poddano ostatnio przegl\u0105dowi i aktualizacji dnia: 2023-03-30, dokonano kolejnej aktualizacji w oparciu o wskazania audytu raportuj\u0105cego niezgodno\u015bci oraz w zwi\u0105zku z uzupe\u0142nieniem danych.<\/p>\n\n\n\n<h2>Skr\u00f3ty klawiaturowe<\/h2>\n\n\n\n<p>Na stronie internetowej mo\u017cna u\u017cywa\u0107 standardowych skr\u00f3t\u00f3w klawiaturowych przegl\u0105darki.<\/p>\n\n\n\n<h2 id=\"a11y-kontakt\">Informacje zwrotne i dane kontaktowe<\/h2>\n\n\n\n<p>W przypadku problem\u00f3w z dost\u0119pno\u015bci\u0105 strony internetowej prosimy o kontakt. Osob\u0105 kontaktow\u0105 jest Mariusz Podg\u00f3rski, mariusz.podgorski@mops-bialapodlaska.pl. Kontaktowa\u0107 mo\u017cna si\u0119 tak\u017ce dzwoni\u0105c na numer telefonu 83 344 70 37. T\u0105 sam\u0105 drog\u0105 mo\u017cna sk\u0142ada\u0107 wnioski o udost\u0119pnienie informacji niedost\u0119pnej oraz sk\u0142ada\u0107 \u017c\u0105dania zapewnienia dost\u0119pno\u015bci.<\/p>\n\n\n\n<p id=\"a11y-procedura\">Ka\u017cdy ma prawo do wyst\u0105pienia z \u017c\u0105daniem zapewnienia dost\u0119pno\u015bci cyfrowej strony internetowej, aplikacji mobilnej lub jakiego\u015b ich elementu. Mo\u017cna tak\u017ce za\u017c\u0105da\u0107 udost\u0119pnienia informacji za pomoc\u0105 alternatywnego sposobu dost\u0119pu, na przyk\u0142ad przez odczytanie niedost\u0119pnego cyfrowo dokumentu, opisanie zawarto\u015bci filmu bez audiodeskrypcji itp. \u017b\u0105danie powinno zawiera\u0107 dane osoby zg\u0142aszaj\u0105cej \u017c\u0105danie, wskazanie, o kt\u00f3r\u0105 stron\u0119 internetow\u0105 lub aplikacj\u0119 mobiln\u0105 chodzi oraz spos\u00f3b kontaktu. Je\u017celi osoba \u017c\u0105daj\u0105ca zg\u0142asza potrzeb\u0119 otrzymania informacji za pomoc\u0105 alternatywnego sposobu dost\u0119pu,, powinna tak\u017ce okre\u015bli\u0107 dogodny dla niej spos\u00f3b przedstawienia tej informacji. Podmiot publiczny powinien zrealizowa\u0107 \u017c\u0105danie niezw\u0142ocznie, nie p\u00f3\u017aniej ni\u017c w ci\u0105gu 7 dni od dnia wyst\u0105pienia z \u017c\u0105daniem. Je\u017celi dotrzymanie tego terminu nie jest mo\u017cliwe, podmiot publiczny niezw\u0142ocznie informuje o tym wnosz\u0105cego \u017c\u0105danie, kiedy realizacja \u017c\u0105dania b\u0119dzie mo\u017cliwa, przy czym termin ten nie mo\u017ce by\u0107 d\u0142u\u017cszy ni\u017c 2 miesi\u0105ce od dnia wyst\u0105pienia z \u017c\u0105daniem. Je\u017celi zapewnienie dost\u0119pno\u015bci cyfrowej nie jest mo\u017cliwe, podmiot publiczny mo\u017ce zaproponowa\u0107 alternatywny spos\u00f3b dost\u0119pu do informacji. W przypadku, gdy podmiot publiczny odm\u00f3wi realizacji \u017c\u0105dania zapewnienia dost\u0119pno\u015bci lub alternatywnego sposobu dost\u0119pu do informacji, wnosz\u0105cy \u017c\u0105danie mo\u017cne z\u0142o\u017cy\u0107 skarg\u0119 w sprawie zapewniana dost\u0119pno\u015bci cyfrowej strony internetowej, aplikacji mobilnej lub elementu strony internetowej, lub aplikacji mobilnej. Po wyczerpaniu wskazanej wy\u017cej procedury mo\u017cna tak\u017ce z\u0142o\u017cy\u0107 wniosek do Rzecznika Praw Obywatelskich.<\/p>\n\n\n\n<p>Link do strony internetowej <a href=\"https:\/\/www.rpo.gov.pl\/\">Rzecznika Praw Obywatelskich<\/a>.<\/p>\n\n\n\n<h2 id=\"a11y-atchitektura\">Dost\u0119pno\u015b\u0107 architektoniczna<\/h2>\n\n\n\n<p>Miejski O\u015brodek Pomocy Spo\u0142ecznej w Bia\u0142ej Podlaskiej, marsz. J\u00f3zefa Pi\u0142sudskiego 24, 21-500 Bia\u0142a Podlaska<\/p>\n\n\n\n<ol>\n<li>W budynku znajduj\u0105 si\u0119 2 wej\u015bcia. Brak utrudnie\u0144 przy wej\u015bciu.<\/li>\n\n\n\n<li>Brak windy. Schody i korytarze spe\u0142niaj\u0105 normy szeroko\u015bci.<\/li>\n\n\n\n<li>S\u0105 platformy, p\u0119tle indukcyjne. Brak pochylni, informacji g\u0142osowych.<\/li>\n\n\n\n<li>Przy budynku znajduje si\u0119 1 miejsce parkingowe wyznaczone dla os\u00f3b niepe\u0142nosprawnych.<\/li>\n\n\n\n<li>Jest mo\u017cliwo\u015b\u0107 wst\u0119pu z psem asystuj\u0105cym.<\/li>\n\n\n\n<li>Brak mo\u017cliwo\u015bci skorzystania z t\u0142umacza j\u0119zyka migowego na miejscu lub online. Jest mo\u017cliwo\u015b\u0107 um\u00f3wienia t\u0142umacza j\u0119zyka migowego &#8211; nale\u017cy zg\u0142osi\u0107 tak\u0105 potrzeb\u0119 co najmniej w dniu poprzedzaj\u0105cym wizyt\u0119.<\/li>\n\n\n\n<li>S\u0105 toalety przystosowane dla os\u00f3b niepe\u0142nosprawnych.<\/li>\n\n\n\n<li>Jest mo\u017cliwo\u015b\u0107 wyj\u015bcia do osoby niepe\u0142nosprawnej.<\/li>\n<\/ol>\n\n\n\n<p>Miejski O\u015brodek Pomocy Spo\u0142ecznej w Bia\u0142ej Podlaskiej, marsz. J\u00f3zefa Pi\u0142sudskiego 15, 21-500 Bia\u0142a Podlaska<\/p>\n\n\n\n<ol>\n<li>W budynku znajduj\u0105 si\u0119 2 wej\u015bcia. Brak utrudnie\u0144 przy wej\u015bciu.<\/li>\n\n\n\n<li>Brak windy. Schody i korytarze spe\u0142niaj\u0105 normy szeroko\u015bci.<\/li>\n\n\n\n<li>Pomieszczenia biurowe znajduj\u0105 si\u0119 na parterze budynku<\/li>\n\n\n\n<li>S\u0105 p\u0119tle indukcyjne. Brak pochylni, informacji g\u0142osowych.<\/li>\n\n\n\n<li>Na przeciwko budynku znajduje si\u0119 1 miejsce parkingowe wyznaczone dla os\u00f3b niepe\u0142nosprawnych.<\/li>\n\n\n\n<li>Jest mo\u017cliwo\u015b\u0107 wst\u0119pu z psem asystuj\u0105cym.<\/li>\n\n\n\n<li>Brak mo\u017cliwo\u015bci skorzystania z t\u0142umacza j\u0119zyka migowego na miejscu lub online. Jest mo\u017cliwo\u015b\u0107 um\u00f3wienia t\u0142umacza j\u0119zyka migowego &#8211; nale\u017cy zg\u0142osi\u0107 tak\u0105 potrzeb\u0119 co najmniej w dniu poprzedzaj\u0105cym wizyt\u0119.<\/li>\n\n\n\n<li>S\u0105 toalety przystosowane dla os\u00f3b niepe\u0142nosprawnych.<\/li>\n\n\n\n<li>Jest mo\u017cliwo\u015b\u0107 wyj\u015bcia do osoby niepe\u0142nosprawnej.<\/li>\n<\/ol>\n\n\n\n<p>Powiatowy Zesp\u00f3\u0142 do Spraw Orzekania o Niepe\u0142nosprawno\u015bci, Stacyjna 6, 21-500 Bia\u0142a Podlaska<\/p>\n\n\n\n<ol>\n<li>W budynku znajduje si\u0119 1 wej\u015bcie. Jest podjazd dla w\u00f3zk\u00f3w. PZOON mie\u015bci si\u0119 na parterze budynku.<\/li>\n\n\n\n<li>Brak windy. Schody i korytarze spe\u0142niaj\u0105 normy szeroko\u015bci.<\/li>\n\n\n\n<li>S\u0105 p\u0119tle indukcyjne. Brak platform, pochylni, informacji g\u0142osowych.<\/li>\n\n\n\n<li>Przy budynku znajduje si\u0119 1 miejsce parkingowe wyznaczone dla os\u00f3b niepe\u0142nosprawnych.<\/li>\n\n\n\n<li>Jest mo\u017cliwo\u015b\u0107 wst\u0119pu z psem asystuj\u0105cym.<\/li>\n\n\n\n<li>Brak mo\u017cliwo\u015bci skorzystania z t\u0142umacza j\u0119zyka migowego na miejscu lub online. Jest mo\u017cliwo\u015b\u0107 um\u00f3wienia t\u0142umacza j\u0119zyka migowego &#8211; nale\u017cy zg\u0142osi\u0107 tak\u0105 potrzeb\u0119 co najmniej w dniu poprzedzaj\u0105cym wizyt\u0119.<\/li>\n\n\n\n<li>S\u0105 toalety przystosowane dla os\u00f3b niepe\u0142nosprawnych.<\/li>\n\n\n\n<li>Jest mo\u017cliwo\u015b\u0107 wyj\u015bcia do osoby niepe\u0142nosprawnej.<\/li>\n<\/ol>\n\n\n\n<p>Noclegownia dla bezdomnych, K\u0105pielowa 11, 21-500 Bia\u0142a Podlaska<\/p>\n\n\n\n<ol>\n<li>W budynku znajduj\u0105 si\u0119 2 wej\u015bcia. Jest podjazd dla w\u00f3zk\u00f3w.<\/li>\n\n\n\n<li>Brak windy. Korytarze spe\u0142niaj\u0105 normy szeroko\u015bci. Schody nie spe\u0142niaj\u0105 norm szeroko\u015bci.<\/li>\n\n\n\n<li>Brak platform, pochylni, p\u0119tli indukcyjnych, informacji g\u0142osowych.<\/li>\n\n\n\n<li>Brak miejsc parkingowych wyznaczonych dla os\u00f3b niepe\u0142nosprawnych. Najbli\u017cszy parking z miejscami wyznaczonymi dla os\u00f3b niepe\u0142nosprawnych znajduje si\u0119 przy bloku ul. K\u0105pielowa 9-13.<\/li>\n\n\n\n<li>Jest mo\u017cliwo\u015b\u0107 wst\u0119pu z psem asystuj\u0105cym.<\/li>\n\n\n\n<li>Brak mo\u017cliwo\u015bci skorzystania z t\u0142umacza j\u0119zyka migowego na miejscu lub online. Jest mo\u017cliwo\u015b\u0107 um\u00f3wienia t\u0142umacza j\u0119zyka migowego &#8211; nale\u017cy zg\u0142osi\u0107 tak\u0105 potrzeb\u0119 co najmniej w dniu poprzedzaj\u0105cym wizyt\u0119.<\/li>\n\n\n\n<li>S\u0105 toalety przystosowane dla os\u00f3b niepe\u0142nosprawnych.<\/li>\n\n\n\n<li>Jest mo\u017cliwo\u015b\u0107 wyj\u015bcia do osoby niepe\u0142nosprawnej.<\/li>\n<\/ol>\n\n\n\n<p>Ogrzewalnia dla bezdomnych, K\u0105pielowa 11, 21-500 Bia\u0142a Podlaska<\/p>\n\n\n\n<ol>\n<li>W budynku znajduj\u0105 si\u0119 2 wej\u015bcia. Jest podjazd dla w\u00f3zk\u00f3w.<\/li>\n\n\n\n<li>Brak windy. Schody i korytarze spe\u0142niaj\u0105 normy szeroko\u015bci.<\/li>\n\n\n\n<li>S\u0105 pochylnie. Brak platform, p\u0119tli indukcyjnych, informacji g\u0142osowych.<\/li>\n\n\n\n<li>Brak miejsc parkingowych wyznaczonych dla os\u00f3b niepe\u0142nosprawnych. Najbli\u017cszy parking z miejscami wyznaczonymi dla os\u00f3b niepe\u0142nosprawnych znajduje si\u0119 przy bloku ul. K\u0105pielowa 9-13.<\/li>\n\n\n\n<li>Jest mo\u017cliwo\u015b\u0107 wst\u0119pu z psem asystuj\u0105cym.<\/li>\n\n\n\n<li>Brak mo\u017cliwo\u015bci skorzystania z t\u0142umacza j\u0119zyka migowego na miejscu lub online. Jest mo\u017cliwo\u015b\u0107 um\u00f3wienia t\u0142umacza j\u0119zyka migowego &#8211; nale\u017cy zg\u0142osi\u0107 tak\u0105 potrzeb\u0119 co najmniej w dniu poprzedzaj\u0105cym wizyt\u0119.<\/li>\n\n\n\n<li>S\u0105 toalety przystosowane dla os\u00f3b niepe\u0142nosprawnych.<\/li>\n\n\n\n<li>Jest mo\u017cliwo\u015b\u0107 wyj\u015bcia do osoby niepe\u0142nosprawnej.<\/li>\n<\/ol>\n\n\n\n<h2 id=\"a11y-aplikacje\">Aplikacje mobilne<\/h2>\n\n\n\n<p>Brak aplikacji mobilnych.<\/p>\n","protected":false},"excerpt":{"rendered":"<p>Miejski O\u015brodek Pomocy Spo\u0142ecznej w Bia\u0142ej Podlaskiej zobowi\u0105zuje si\u0119 zapewni\u0107 dost\u0119pno\u015b\u0107 swojej strony internetowej zgodnie z ustaw\u0105 z dnia 4 kwietnia 2019 r. o dost\u0119pno\u015bci cyfrowej stron internetowych i aplikacji mobilnych podmiot\u00f3w publicznych. O\u015bwiadczenie w sprawie dost\u0119pno\u015bci ma zastosowanie do strony internetowej Miejskiego O\u015brodka Pomocy Spo\u0142ecznej w Bia\u0142ej Podlaskiej . Data publikacji strony internetowej: 2009-06-26 [&hellip;]<\/p>\n","protected":false},"author":1,"featured_media":0,"parent":0,"menu_order":0,"comment_status":"closed","ping_status":"closed","template":"","meta":[],"_links":{"self":[{"href":"https:\/\/archiwum.mops-bialapodlaska.pl\/index.php?rest_route=\/wp\/v2\/pages\/3179"}],"collection":[{"href":"https:\/\/archiwum.mops-bialapodlaska.pl\/index.php?rest_route=\/wp\/v2\/pages"}],"about":[{"href":"https:\/\/archiwum.mops-bialapodlaska.pl\/index.php?rest_route=\/wp\/v2\/types\/page"}],"author":[{"embeddable":true,"href":"https:\/\/archiwum.mops-bialapodlaska.pl\/index.php?rest_route=\/wp\/v2\/users\/1"}],"replies":[{"embeddable":true,"href":"https:\/\/archiwum.mops-bialapodlaska.pl\/index.php?rest_route=%2Fwp%2Fv2%2Fcomments&post=3179"}],"version-history":[{"count":5,"href":"https:\/\/archiwum.mops-bialapodlaska.pl\/index.php?rest_route=\/wp\/v2\/pages\/3179\/revisions"}],"predecessor-version":[{"id":4365,"href":"https:\/\/archiwum.mops-bialapodlaska.pl\/index.php?rest_route=\/wp\/v2\/pages\/3179\/revisions\/4365"}],"wp:attachment":[{"href":"https:\/\/archiwum.mops-bialapodlaska.pl\/index.php?rest_route=%2Fwp%2Fv2%2Fmedia&parent=3179"}],"curies":[{"name":"wp","href":"https:\/\/api.w.org\/{rel}","templated":true}]}}