{"id":2830,"date":"2023-01-18T18:34:37","date_gmt":"2023-01-18T17:34:37","guid":{"rendered":"https:\/\/archiwum.mops-bialapodlaska.pl\/?page_id=2830"},"modified":"2023-10-02T10:34:43","modified_gmt":"2023-10-02T08:34:43","slug":"program-opieka-wytchnieniowa-edycja-2023","status":"publish","type":"page","link":"https:\/\/archiwum.mops-bialapodlaska.pl\/?page_id=2830","title":{"rendered":"Program \u201eOpieka wytchnieniowa\u201d \u2013 edycja 2023"},"content":{"rendered":"\n<p class=\"has-large-font-size\"><strong>Program \u201eOpieka wytchnieniowa\u201d \u2013 edycja 2023<\/strong><\/p>\n\n\n<div class=\"wp-block-image\">\n<figure class=\"aligncenter size-large is-resized\"><img decoding=\"async\" loading=\"lazy\" src=\"https:\/\/archiwum.mops-bialapodlaska.pl\/wp-content\/uploads\/2021\/04\/logo_MRiPS_png-1024x512.png\" alt=\"\" class=\"wp-image-1384\" width=\"969\" height=\"485\" srcset=\"https:\/\/archiwum.mops-bialapodlaska.pl\/wp-content\/uploads\/2021\/04\/logo_MRiPS_png-1024x512.png 1024w, https:\/\/archiwum.mops-bialapodlaska.pl\/wp-content\/uploads\/2021\/04\/logo_MRiPS_png-300x150.png 300w, https:\/\/archiwum.mops-bialapodlaska.pl\/wp-content\/uploads\/2021\/04\/logo_MRiPS_png-768x384.png 768w, https:\/\/archiwum.mops-bialapodlaska.pl\/wp-content\/uploads\/2021\/04\/logo_MRiPS_png.png 1182w\" sizes=\"(max-width: 969px) 100vw, 969px\" \/><\/figure><\/div>\n\n\n<p>Gmina Miejska Bia\u0142a Podlaska otrzyma\u0142a dofinansowanie ze \u015brodk\u00f3w Funduszu Solidarno\u015bciowego na&nbsp;realizacj\u0119 resortowego Programu Ministra Rodziny i Polityki Spo\u0142ecznej \u201eOpieka wytchnieniowa\u201d \u2013 edycja 2023. Program realizuje Miejski O\u015brodek Pomocy Spo\u0142ecznej w Bia\u0142ej Podlaskiej.<\/p>\n\n\n\n<p>Na realizacj\u0119 Programu przyznano \u015brodki finansowe w&nbsp;wysoko\u015bci 976 344,00 z\u0142.<\/p>\n\n\n\n<p>G\u0142\u00f3wnym celem Programu jest wsparcie cz\u0142onk\u00f3w rodzin lub opiekun\u00f3w sprawuj\u0105cych bezpo\u015bredni\u0105 opiek\u0119 nad:<\/p>\n\n\n\n<ol>\n<li>dzie\u0107mi z orzeczeniem o niepe\u0142nosprawno\u015bci,<\/li>\n\n\n\n<li>osobami posiadaj\u0105cymi:<br>a) orzeczenie o znacznym stopniu niepe\u0142nosprawno\u015bci albo<br>b) orzeczenie traktowane na r\u00f3wni z orzeczeniem o znacznym stopniu niepe\u0142nosprawno\u015bci zgodnie z art. 5 i art. 62 ustawy z dnia 27&nbsp;sierpnia 1997 r. o&nbsp;rehabilitacji zawodowej i spo\u0142ecznej oraz zatrudnianiu os\u00f3b niepe\u0142nosprawnych (Dz.&nbsp;U. z 2021 r. poz. 573, z p\u00f3\u017an. zm.) \u2012 poprzez mo\u017cliwo\u015b\u0107 uzyskania dora\u017anej, czasowej pomocy w formie us\u0142ugi opieki wytchnieniowej.<\/li>\n<\/ol>\n\n\n\n<p>Program ma tak\u017ce zapewnia\u0107:<\/p>\n\n\n\n<ol>\n<li>w odniesieniu do rozwi\u0105za\u0144 systemowych:<br>a) wzmocnienie dotychczasowego systemu wsparcia poprzez \u015bwiadczenie us\u0142ug opieki wytchnieniowej dla cz\u0142onk\u00f3w rodzin lub opiekun\u00f3w sprawuj\u0105cych bezpo\u015bredni\u0105 opiek\u0119 nad dzie\u0107mi z&nbsp;orzeczon\u0105 niepe\u0142nosprawno\u015bci\u0105 lub osobami ze znacznym stopniem niepe\u0142nosprawno\u015bci\/osobami z orzeczeniem traktowanym na r\u00f3wni z&nbsp;orzeczeniem o znacznym stopniu niepe\u0142nosprawno\u015bci,<br>b) wsparcie finansowe gmin\/powiat\u00f3w w zakresie realizacji us\u0142ug opieki wytchnieniowej;<\/li>\n\n\n\n<li>w odniesieniu do cz\u0142onk\u00f3w rodzin lub opiekun\u00f3w os\u00f3b niepe\u0142nosprawnych: czasowe odci\u0105\u017cenie od codziennych obowi\u0105zk\u00f3w \u0142\u0105cz\u0105cych si\u0119 ze sprawowaniem opieki, zapewnienie czasu na odpoczynek i regeneracj\u0119.<\/li>\n<\/ol>\n\n\n\n<p>Program adresowany jest do cz\u0142onk\u00f3w rodzin lub opiekun\u00f3w sprawuj\u0105cych bezpo\u015bredni\u0105 opiek\u0119 nad dzie\u0107mi z orzeczeniem o niepe\u0142nosprawno\u015bci oraz osobami posiadaj\u0105cymi orzeczenie o znacznym stopniu niepe\u0142nosprawno\u015bci albo orzeczenie traktowane na r\u00f3wni z orzeczeniem o znacznym stopniu niepe\u0142nosprawno\u015bci, kt\u00f3rzy wymagaj\u0105 us\u0142ug opieki wytchnieniowej. Us\u0142ugi opieki wytchnieniowej przys\u0142uguj\u0105 w&nbsp;przypadku zamieszkiwania cz\u0142onka rodziny lub opiekuna ubiegaj\u0105cego si\u0119 o&nbsp;przyznanie us\u0142ug opieki wytchnieniowej we wsp\u00f3lnym gospodarstwie domowym z&nbsp;osob\u0105 niepe\u0142nosprawn\u0105 i sprawowania ca\u0142odobowej opieki nad t\u0105 osob\u0105 niepe\u0142nosprawn\u0105.<\/p>\n\n\n\n<p>Program b\u0119dzie realizowany w nast\u0119puj\u0105cych formach:<\/p>\n\n\n\n<ol>\n<li>\u015bwiadczenia us\u0142ug opieki wytchnieniowej w ramach pobytu dziennego w:<br>a) miejscu zamieszkania osoby niepe\u0142nosprawnej,<br>b) innym miejscu wskazanym przez uczestnika Programu lub Realizatora Programu, spe\u0142niaj\u0105cym kryteria dost\u0119pno\u015bci, kt\u00f3re otrzyma pozytywn\u0105 opini\u0119 gminy\/powiatu.<\/li>\n\n\n\n<li>\u015bwiadczenia us\u0142ug opieki wytchnieniowej w ramach pobytu ca\u0142odobowego w:<br>a) innym miejscu wskazanym przez uczestnika Programu lub Realizatora Programu, spe\u0142niaj\u0105cym kryteria dost\u0119pno\u015bci, kt\u00f3re otrzyma pozytywn\u0105 opini\u0119 gminy\/powiatu.<\/li>\n<\/ol>\n\n\n\n<p>W ramach Programu ustalono nast\u0119puj\u0105ce limity us\u0142ug opieki wytchnieniowej finansowanych ze \u015brodk\u00f3w Funduszu Solidarno\u015bciowego przypadaj\u0105cych na jedn\u0105 osob\u0119 niepe\u0142nosprawn\u0105 w&nbsp;danym roku kalendarzowym:<\/p>\n\n\n\n<ol>\n<li>limit 240 godzin dla us\u0142ug opieki wytchnieniowej \u015bwiadczonej w ramach pobytu dziennego; oraz<\/li>\n\n\n\n<li>limit 14 dni dla us\u0142ug opieki wytchnieniowej \u015bwiadczonej w ramach pobytu ca\u0142odobowego.<\/li>\n<\/ol>\n\n\n\n<p>Limit, o kt\u00f3rym mowa wy\u017cej, dotyczy r\u00f3wnie\u017c:<\/p>\n\n\n\n<ol>\n<li>wi\u0119cej ni\u017c jednego opiekuna sprawuj\u0105cego bezpo\u015bredni\u0105 opiek\u0119 nad jedn\u0105 osob\u0105 niepe\u0142nosprawn\u0105;<\/li>\n\n\n\n<li>opiekuna sprawuj\u0105cego bezpo\u015bredni\u0105 opiek\u0119 dla wi\u0119cej ni\u017c jednej osoby niepe\u0142nosprawnej. Us\u0142ugi opieki wytchnieniowej dla opiekuna sprawuj\u0105cego bezpo\u015bredni\u0105 opiek\u0119 nad wi\u0119cej ni\u017c&nbsp;jedn\u0105 osob\u0105 niepe\u0142nosprawn\u0105 musz\u0105 by\u0107 realizowane w tym samym czasie, z&nbsp;zastrze\u017ceniem zapewnienia indywidualnego wsparcia.<\/li>\n<\/ol>\n\n\n\n<p>Realizacja Programu pozwoli zapewni\u0107 cz\u0142onkom rodziny lub opiekunom os\u00f3b niepe\u0142nosprawnych wsparcie ich w codziennych obowi\u0105zkach lub zapewni\u0107 czasowe zast\u0119pstwo. Dzi\u0119ki temu wsparciu osoby zaanga\u017cowane na co dzie\u0144 w sprawowanie opieki dysponowa\u0107 b\u0119d\u0105 czasem, kt\u00f3ry b\u0119d\u0105 mog\u0142y przeznaczy\u0107 na odpoczynek i&nbsp;regeneracj\u0119 jak r\u00f3wnie\u017c na za\u0142atwienie niezb\u0119dnych spraw. Us\u0142ugi opieki wytchnieniowej b\u0119d\u0105 s\u0142u\u017cy\u0107 r\u00f3wnie\u017c okresowemu zabezpieczeniu potrzeb osoby niepe\u0142noprawnej w sytuacji, gdy opiekunowie z r\u00f3\u017cnych powod\u00f3w nie b\u0119d\u0105 mogli wykonywa\u0107 swoich obowi\u0105zk\u00f3w.<\/p>\n\n\n\n<p><a href=\"https:\/\/archiwum.mops-bialapodlaska.pl\/wp-content\/uploads\/2023\/03\/Informacje_OW_2023_na-str_int_zgodnie-z-wytycznymi.docx\" target=\"_blank\" rel=\"noreferrer noopener\"><mark style=\"background-color:rgba(0, 0, 0, 0)\" class=\"has-inline-color has-vivid-cyan-blue-color\">Informacja o dofinansowaniu Programu \u201eOpieka wytchnieniowa\u201d \u2013 edycja 2023<\/mark><\/a><mark style=\"background-color:rgba(0, 0, 0, 0)\" class=\"has-inline-color has-vivid-cyan-blue-color\">  <\/mark>(docx, 58 KB)<\/p>\n\n\n\n<p><a href=\"https:\/\/archiwum.mops-bialapodlaska.pl\/wp-content\/uploads\/2023\/01\/Ogloszenie_nabor-zgloszen_OW_2023.docx\" target=\"_blank\" rel=\"noreferrer noopener\"><mark style=\"background-color:rgba(0, 0, 0, 0)\" class=\"has-inline-color has-vivid-cyan-blue-color\">Og\u0142oszenie o naborze do Programu \u201eOpieka wytchnieniowa\u201d \u2013 edycja 2023<\/mark><\/a>  (docx 67 KB)<\/p>\n\n\n\n<p><a href=\"https:\/\/archiwum.mops-bialapodlaska.pl\/wp-content\/uploads\/2023\/01\/ZAL_nr_6_OW_2023_Karta_FIM.docx\" target=\"_blank\" rel=\"noreferrer noopener\"><mark style=\"background-color:rgba(0, 0, 0, 0)\" class=\"has-inline-color has-vivid-cyan-blue-color\">Za\u0142\u0105cznik nr 6 do Programu \u201eOpieka wytchnieniowa\u201d \u2013 edycja 2023 &#8211; Karta FIM<\/mark><\/a>  (docx 28 KB)<\/p>\n\n\n\n<p><a rel=\"noreferrer noopener\" href=\"https:\/\/archiwum.mops-bialapodlaska.pl\/wp-content\/uploads\/2023\/01\/ZAL_nr_7_OW_2023_Karta_zgloszenia.docx\" target=\"_blank\"><mark style=\"background-color:rgba(0, 0, 0, 0)\" class=\"has-inline-color has-vivid-cyan-blue-color\">Za\u0142\u0105cznik nr 7 do Programu \u201eOpieka wytchnieniowa\u201d \u2013 edycja 2023 &#8211; Karta zg\u0142oszenia<\/mark><\/a>  (docx 29 KB)<\/p>\n\n\n\n<p><a rel=\"noreferrer noopener\" href=\"https:\/\/archiwum.mops-bialapodlaska.pl\/wp-content\/uploads\/2023\/02\/ZALACZNIK-NR-11-DO-PROGRAMU-KLAUZULA-RODO-OW-DLA-MINISTRA.docx\" target=\"_blank\"><mark style=\"background-color:rgba(0, 0, 0, 0)\" class=\"has-inline-color has-vivid-cyan-blue-color\">Za\u0142\u0105cznik nr 11 do Programu &#8222;Opieka wytchnieniowa&#8221; klauzula RODO<\/mark><\/a>     (docx 22 KB)<\/p>\n\n\n\n<p><a rel=\"noreferrer noopener\" href=\"https:\/\/archiwum.mops-bialapodlaska.pl\/wp-content\/uploads\/2023\/02\/Oswiadczenie_o_sprawowaniu_calodobowej-opieki.docx\" target=\"_blank\"><mark style=\"background-color:rgba(0, 0, 0, 0)\" class=\"has-inline-color has-vivid-cyan-blue-color\">O\u015bwiadczenie_o_sprawowaniu_ca\u0142odobowej opieki<\/mark><\/a>  (docx 28 KB)<\/p>\n\n\n\n<p>Klauzula zgody na przetwarzanie danych osobowych zgodnej z RODO<br><a rel=\"noreferrer noopener\" href=\"https:\/\/archiwum.mops-bialapodlaska.pl\/wp-content\/uploads\/2023\/08\/klauzula_rodo_2023.pdf\" data-type=\"URL\" target=\"_blank\"><mark style=\"background-color:rgba(0, 0, 0, 0)\" class=\"has-inline-color has-vivid-cyan-blue-color\">wersja pdf<\/mark><\/a>  (120 KB)  <a href=\"https:\/\/archiwum.mops-bialapodlaska.pl\/wp-content\/uploads\/2023\/08\/klauzula_rodo_2023.docx\" data-type=\"URL\"><mark style=\"background-color:rgba(0, 0, 0, 0)\" class=\"has-inline-color has-vivid-cyan-blue-color\">wersja doc<\/mark><\/a> (18 KB)<\/p>\n\n\n\n<p><a rel=\"noreferrer noopener\" href=\"https:\/\/archiwum.mops-bialapodlaska.pl\/wp-content\/uploads\/2023\/01\/PROGRAM-OPIEKA-WYTCHNIENIOWA-edycja-2023.docx\" target=\"_blank\"><mark style=\"background-color:rgba(0, 0, 0, 0)\" class=\"has-inline-color has-vivid-cyan-blue-color\">Informacje o Programie \u201eOpieka wytchnieniowa\u201d \u2013 edycja 2023<\/mark><\/a>  (docx 100 KB)<\/p>\n\n\n\n<p><a href=\"https:\/\/archiwum.mops-bialapodlaska.pl\/wp-content\/uploads\/2023\/02\/program-o-zmianie-programu-ow-edycja-jst-2023-16.02.2023-1676637729.pdf\" target=\"_blank\" rel=\"noreferrer noopener\"><mark style=\"background-color:rgba(0, 0, 0, 0)\" class=\"has-inline-color has-vivid-cyan-blue-color\">Zmiana Programu &#8222;Opieka wytchnieniowa&#8221; &#8211; edycja 2023<\/mark><\/a>    (pdf, 110 KB)<\/p>\n","protected":false},"excerpt":{"rendered":"<p>Program \u201eOpieka wytchnieniowa\u201d \u2013 edycja 2023 Gmina Miejska Bia\u0142a Podlaska otrzyma\u0142a dofinansowanie ze \u015brodk\u00f3w Funduszu Solidarno\u015bciowego na&nbsp;realizacj\u0119 resortowego Programu Ministra Rodziny i Polityki Spo\u0142ecznej \u201eOpieka wytchnieniowa\u201d \u2013 edycja 2023. Program realizuje Miejski O\u015brodek Pomocy Spo\u0142ecznej w Bia\u0142ej Podlaskiej. Na realizacj\u0119 Programu przyznano \u015brodki finansowe w&nbsp;wysoko\u015bci 976 344,00 z\u0142. G\u0142\u00f3wnym celem Programu jest wsparcie cz\u0142onk\u00f3w rodzin [&hellip;]<\/p>\n","protected":false},"author":1,"featured_media":0,"parent":0,"menu_order":0,"comment_status":"closed","ping_status":"closed","template":"","meta":[],"_links":{"self":[{"href":"https:\/\/archiwum.mops-bialapodlaska.pl\/index.php?rest_route=\/wp\/v2\/pages\/2830"}],"collection":[{"href":"https:\/\/archiwum.mops-bialapodlaska.pl\/index.php?rest_route=\/wp\/v2\/pages"}],"about":[{"href":"https:\/\/archiwum.mops-bialapodlaska.pl\/index.php?rest_route=\/wp\/v2\/types\/page"}],"author":[{"embeddable":true,"href":"https:\/\/archiwum.mops-bialapodlaska.pl\/index.php?rest_route=\/wp\/v2\/users\/1"}],"replies":[{"embeddable":true,"href":"https:\/\/archiwum.mops-bialapodlaska.pl\/index.php?rest_route=%2Fwp%2Fv2%2Fcomments&post=2830"}],"version-history":[{"count":17,"href":"https:\/\/archiwum.mops-bialapodlaska.pl\/index.php?rest_route=\/wp\/v2\/pages\/2830\/revisions"}],"predecessor-version":[{"id":3520,"href":"https:\/\/archiwum.mops-bialapodlaska.pl\/index.php?rest_route=\/wp\/v2\/pages\/2830\/revisions\/3520"}],"wp:attachment":[{"href":"https:\/\/archiwum.mops-bialapodlaska.pl\/index.php?rest_route=%2Fwp%2Fv2%2Fmedia&parent=2830"}],"curies":[{"name":"wp","href":"https:\/\/api.w.org\/{rel}","templated":true}]}}