{"id":1887,"date":"2022-03-17T13:19:59","date_gmt":"2022-03-17T12:19:59","guid":{"rendered":"https:\/\/tbklhnu.cluster028.hosting.ovh.net\/?page_id=1887"},"modified":"2024-04-08T12:52:53","modified_gmt":"2024-04-08T10:52:53","slug":"wniosek-o-swiadczenie-pieniezne-za-zapewnienie-zakwaterowania-i-wyzywienia-obywatelom-ukrainy-przybywajacym-na-terytorium-rzeczypospolitej-polskiej-w-zwiazku-z-dzialaniami-wojennymi-prowadzonymi-na-te","status":"publish","type":"page","link":"https:\/\/archiwum.mops-bialapodlaska.pl\/?page_id=1887","title":{"rendered":"Wniosek o \u015bwiadczenie pieni\u0119\u017cne za zapewnienie zakwaterowania i wy\u017cywienia obywatelom Ukrainy przybywaj\u0105cym na terytorium Rzeczypospolitej Polskiej w zwi\u0105zku z dzia\u0142aniami wojennymi prowadzonymi na terytorium Ukrainy"},"content":{"rendered":"\n<p><strong>Wniosek o \u015bwiadczenie pieni\u0119\u017cne za zapewnienie zakwaterowania i wy\u017cywienia obywatelom Ukrainy przybywaj\u0105cym na terytorium Rzeczypospolitej Polskiej w zwi\u0105zku z dzia\u0142aniami wojennymi prowadzonymi na terytorium Ukrainy<\/strong><\/p>\n\n\n\n<p><a href=\"https:\/\/archiwum.mops-bialapodlaska.pl\/wp-content\/uploads\/2024\/04\/Wzor_wniosku_swiadczenie_pieniezne_ukr.pdf\" target=\"_blank\" rel=\"noreferrer noopener\"><mark style=\"background-color:rgba(0, 0, 0, 0)\" class=\"has-inline-color has-vivid-cyan-blue-color\">Wz\u00f3r wniosku<\/mark><\/a><\/p>\n\n\n\n<p><a rel=\"noreferrer noopener\" href=\"https:\/\/archiwum.mops-bialapodlaska.pl\/wp-content\/uploads\/2024\/04\/karta_osoby_przyjetej_do_zakwaterowania.pdf\" target=\"_blank\"><mark style=\"background-color:rgba(0, 0, 0, 0)\" class=\"has-inline-color has-vivid-cyan-blue-color\">Karta osoby przyj\u0119tej do zakwaterowania<\/mark><\/a><\/p>\n","protected":false},"excerpt":{"rendered":"<p>Wniosek o \u015bwiadczenie pieni\u0119\u017cne za zapewnienie zakwaterowania i wy\u017cywienia obywatelom Ukrainy przybywaj\u0105cym na terytorium Rzeczypospolitej Polskiej w zwi\u0105zku z dzia\u0142aniami wojennymi prowadzonymi na terytorium Ukrainy Wz\u00f3r wniosku Karta osoby przyj\u0119tej do zakwaterowania<\/p>\n","protected":false},"author":1,"featured_media":0,"parent":0,"menu_order":0,"comment_status":"closed","ping_status":"closed","template":"","meta":[],"_links":{"self":[{"href":"https:\/\/archiwum.mops-bialapodlaska.pl\/index.php?rest_route=\/wp\/v2\/pages\/1887"}],"collection":[{"href":"https:\/\/archiwum.mops-bialapodlaska.pl\/index.php?rest_route=\/wp\/v2\/pages"}],"about":[{"href":"https:\/\/archiwum.mops-bialapodlaska.pl\/index.php?rest_route=\/wp\/v2\/types\/page"}],"author":[{"embeddable":true,"href":"https:\/\/archiwum.mops-bialapodlaska.pl\/index.php?rest_route=\/wp\/v2\/users\/1"}],"replies":[{"embeddable":true,"href":"https:\/\/archiwum.mops-bialapodlaska.pl\/index.php?rest_route=%2Fwp%2Fv2%2Fcomments&post=1887"}],"version-history":[{"count":12,"href":"https:\/\/archiwum.mops-bialapodlaska.pl\/index.php?rest_route=\/wp\/v2\/pages\/1887\/revisions"}],"predecessor-version":[{"id":3973,"href":"https:\/\/archiwum.mops-bialapodlaska.pl\/index.php?rest_route=\/wp\/v2\/pages\/1887\/revisions\/3973"}],"wp:attachment":[{"href":"https:\/\/archiwum.mops-bialapodlaska.pl\/index.php?rest_route=%2Fwp%2Fv2%2Fmedia&parent=1887"}],"curies":[{"name":"wp","href":"https:\/\/api.w.org\/{rel}","templated":true}]}}