{"id":13,"date":"2020-08-05T14:09:29","date_gmt":"2020-08-05T12:09:29","guid":{"rendered":"http:\/\/tbklhnu.cluster028.hosting.ovh.net\/?page_id=13"},"modified":"2024-08-05T11:02:38","modified_gmt":"2024-08-05T09:02:38","slug":"test-na-ftp","status":"publish","type":"page","link":"https:\/\/archiwum.mops-bialapodlaska.pl\/?page_id=13","title":{"rendered":"Wzory druk\u00f3w"},"content":{"rendered":"\n<p class=\"has-large-font-size\"><strong>Wzory druk\u00f3w<\/strong><\/p>\n\n\n\n<p><a rel=\"noreferrer noopener\" href=\"http:\/\/mops-bialapodlaska.pl\/?page_id=547\" target=\"_blank\"><span class=\"has-inline-color has-vivid-cyan-blue-color\">Wzory druk\u00f3w dla os\u00f3b korzystaj\u0105cych ze \u015bwiadcze\u0144 z pomocy spo\u0142ecznej<\/span><\/a><\/p>\n\n\n\n<p><a rel=\"noreferrer noopener\" href=\"http:\/\/mops-bialapodlaska.pl\/?page_id=551\" target=\"_blank\"><span class=\"has-inline-color has-vivid-cyan-blue-color\">Wzory druk\u00f3w dotycz\u0105ce dofinansowa\u0144 ze \u015brodk\u00f3w PFRON<\/span><\/a><\/p>\n\n\n\n<p><a rel=\"noreferrer noopener\" href=\"http:\/\/mops-bialapodlaska.pl\/?page_id=553\" target=\"_blank\"><span class=\"has-inline-color has-vivid-cyan-blue-color\">Wzory druk\u00f3w w sprawie ustalenia stopnia niepe\u0142nosprawno\u015bci<\/span><\/a> <span style=\"color:#1f7e5b\" class=\"has-inline-color\"><strong>\u0422\u0443\u0442 \u0432\u0438 \u0437\u043d\u0430\u0439\u0434\u0435\u0442\u0435 \u0443\u043a\u0440\u0430\u0457\u043d\u0441\u044c\u043a\u0443 \u0432\u0435\u0440\u0441\u0456\u044e \u0437\u0430\u044f\u0430\u0432<\/strong><\/span><\/p>\n\n\n\n<p><a rel=\"noreferrer noopener\" href=\"http:\/\/mops-bialapodlaska.pl\/?page_id=799\" target=\"_blank\"><span class=\"has-inline-color has-vivid-cyan-blue-color\">Zadania zlecone<\/span><\/a><\/p>\n\n\n\n<p><a rel=\"noreferrer noopener\" href=\"http:\/\/mops-bialapodlaska.pl\/?page_id=555\" target=\"_blank\"><span class=\"has-inline-color has-vivid-cyan-blue-color\">Stypendia i zasi\u0142ki szkolne<\/span><\/a><\/p>\n\n\n\n<p><a rel=\"noreferrer noopener\" href=\"http:\/\/mops-bialapodlaska.pl\/?page_id=653\" target=\"_blank\"><span class=\"has-inline-color has-vivid-cyan-blue-color\">Wzory druk\u00f3w osobom ubiegaj\u0105cym si\u0119 o \u015bwiadczenia rodzinne, \u015bwiadczenie wychowawcze, \u015bwiadczenia z funduszu alimentacyjnego<\/span><\/a><\/p>\n\n\n\n<p><a rel=\"noreferrer noopener\" href=\"http:\/\/mops-bialapodlaska.pl\/?page_id=723\" target=\"_blank\"><mark style=\"background-color:rgba(0, 0, 0, 0)\" class=\"has-inline-color has-vivid-cyan-blue-color\">Wzory druk\u00f3w dla os\u00f3b korzystaj\u0105cych z dodatku mieszkaniowego i dodatku energetycznego<\/mark><\/a><\/p>\n\n\n\n<p><a href=\"https:\/\/archiwum.mops-bialapodlaska.pl\/?page_id=3357\"><mark style=\"background-color:rgba(0, 0, 0, 0)\" class=\"has-inline-color has-vivid-cyan-blue-color\">Wzory druk\u00f3w dla os\u00f3b ubiegaj\u0105cych si\u0119 o pe\u0142nienie funkcji rodziny zast\u0119pczej<\/mark><\/a><\/p>\n\n\n\n<p><a rel=\"noreferrer noopener\" href=\"http:\/\/mops-bialapodlaska.pl\/?page_id=1387\" target=\"_blank\"><mark style=\"background-color:rgba(0, 0, 0, 0)\" class=\"has-inline-color has-vivid-cyan-blue-color\">Program &#8222;Czyste powietrze&#8221;<\/mark><\/a><a rel=\"noreferrer noopener\" href=\"http:\/\/mops-bialapodlaska.pl\/?page_id=1770\" target=\"_blank\"><mark style=\"background-color:rgba(0, 0, 0, 0)\" class=\"has-inline-color has-vivid-cyan-blue-color\"><\/mark><\/a><\/p>\n\n\n\n<p><a href=\"https:\/\/archiwum.mops-bialapodlaska.pl\/?page_id=2824\" data-type=\"URL\"><mark style=\"background-color:rgba(0, 0, 0, 0)\" class=\"has-inline-color has-vivid-cyan-blue-color\">Program \u201eAsystent osobisty osoby z niepe\u0142nosprawno\u015bci\u0105\u201d dla&nbsp;Jednostek Samorz\u0105du Terytorialnego \u2212 edycja 2024<\/mark><\/a><\/p>\n\n\n\n<p><a href=\"https:\/\/archiwum.mops-bialapodlaska.pl\/?page_id=3758\" target=\"_blank\" rel=\"noreferrer noopener\"><mark style=\"background-color:rgba(0, 0, 0, 0)\" class=\"has-inline-color has-vivid-cyan-blue-color\">Program \u201eOpieka wytchnieniowa\u201d dla Jednostek Samorz\u0105du Terytorialnego \u2212 edycja 2024<\/mark><\/a><\/p>\n\n\n\n<p><a rel=\"noreferrer noopener\" href=\"\/wp-content\/uploads\/2022\/07\/WNIOSEK_O_SWIADCZENIE_JEDNORAZOWE_UA_31_03.docx\" target=\"_blank\"><span class=\"has-inline-color has-vivid-cyan-blue-color\">Wz\u00f3r wniosku o jednorazowe \u015bwiadczenie pieni\u0119\u017cne (300 z\u0142) dla obywateli Ukrainy<\/span><\/a><\/p>\n\n\n\n<p><a rel=\"noreferrer noopener\" href=\"https:\/\/archiwum.mops-bialapodlaska.pl\/?page_id=1887\" target=\"_blank\"><mark style=\"background-color:rgba(0, 0, 0, 0)\" class=\"has-inline-color has-vivid-cyan-blue-color\">Wniosek o \u015bwiadczenie pieni\u0119\u017cne za zapewnienie zakwaterowania i wy\u017cywienia obywatelom Ukrainy przybywaj\u0105cym na terytorium Rzeczypospolitej Polskiej w zwi\u0105zku z dzia\u0142aniami wojennymi prowadzonymi na terytorium Ukrainy<\/mark><\/a><a rel=\"noreferrer noopener\" href=\"https:\/\/archiwum.mops-bialapodlaska.pl\/?page_id=2548\" target=\"_blank\"><mark style=\"background-color:rgba(0, 0, 0, 0)\" class=\"has-inline-color has-vivid-cyan-blue-color\"><\/mark><\/a><a rel=\"noreferrer noopener\" href=\"https:\/\/archiwum.mops-bialapodlaska.pl\/?page_id=2599\" target=\"_blank\"><mark style=\"background-color:rgba(0, 0, 0, 0)\" class=\"has-inline-color has-vivid-cyan-blue-color\"><\/mark><\/a><a rel=\"noreferrer noopener\" href=\"\/wp-content\/uploads\/2022\/12\/wniosek_dodatek_elektryczny.pdf\" data-type=\"URL\" data-id=\"\/wp-content\/uploads\/2022\/12\/wniosek_dodatek_elektryczny.pdf\" target=\"_blank\"><mark style=\"background-color:rgba(0, 0, 0, 0)\" class=\"has-inline-color has-vivid-cyan-blue-color\"><\/mark><\/a><\/p>\n\n\n\n<p>Wz\u00f3r wniosku o wyp\u0142at\u0119 refundacji podatku VAT za dostarczone paliwa gazowe w 2023 r.<br><a rel=\"noreferrer noopener\" href=\"https:\/\/archiwum.mops-bialapodlaska.pl\/wp-content\/uploads\/2023\/10\/Wniosek_o_wyplate_refundacji_podatku_VAT.pdf\" target=\"_blank\"><mark style=\"background-color:rgba(0, 0, 0, 0)\" class=\"has-inline-color has-vivid-cyan-blue-color\">wersja pdf<\/mark><\/a> (180 KB)     <a rel=\"noreferrer noopener\" href=\"https:\/\/archiwum.mops-bialapodlaska.pl\/wp-content\/uploads\/2023\/10\/Wniosek_o_wyplate_refundacji_podatku_VAT.docx\" target=\"_blank\"><mark style=\"background-color:rgba(0, 0, 0, 0)\" class=\"has-inline-color has-vivid-cyan-blue-color\">wersja doc<\/mark><\/a> (54 KB)<br>Klauzula zgody na przetwarzanie danych osobowych zgodnej z RODO<br><a rel=\"noreferrer noopener\" href=\"https:\/\/archiwum.mops-bialapodlaska.pl\/wp-content\/uploads\/2023\/08\/klauzula_rodo_2023.pdf\" target=\"_blank\"><mark style=\"background-color:rgba(0, 0, 0, 0)\" class=\"has-inline-color has-vivid-cyan-blue-color\">wersja pdf<\/mark><\/a> (59 KB)      <a href=\"https:\/\/archiwum.mops-bialapodlaska.pl\/wp-content\/uploads\/2023\/08\/klauzula_rodo_2023.docx\" target=\"_blank\" rel=\"noreferrer noopener\"><mark style=\"background-color:rgba(0, 0, 0, 0)\" class=\"has-inline-color has-vivid-cyan-blue-color\">wersja doc<\/mark><\/a> (19 KB)<\/p>\n\n\n\n<p>Wz\u00f3r wniosku o wyp\u0142at\u0119 dodatku os\u0142onowego w 2024 r.<br><a rel=\"noreferrer noopener\" href=\"https:\/\/archiwum.mops-bialapodlaska.pl\/wp-content\/uploads\/2024\/01\/wniosek_dodatek_oslonowy_2024.pdf\" target=\"_blank\"><mark style=\"background-color:rgba(0, 0, 0, 0)\" class=\"has-inline-color has-vivid-cyan-blue-color\">wersja pdf<\/mark><\/a>  (2MB)<br>Klauzula zgody na przetwarzanie danych osobowych zgodnej z RODO<br><a rel=\"noreferrer noopener\" href=\"https:\/\/archiwum.mops-bialapodlaska.pl\/wp-content\/uploads\/2023\/08\/klauzula_rodo_2023.pdf\" target=\"_blank\"><mark style=\"background-color:rgba(0, 0, 0, 0)\" class=\"has-inline-color has-vivid-cyan-blue-color\">wersja pdf<\/mark><\/a> (59 KB)      <a rel=\"noreferrer noopener\" href=\"https:\/\/archiwum.mops-bialapodlaska.pl\/wp-content\/uploads\/2023\/08\/klauzula_rodo_2023.docx\" target=\"_blank\"><mark style=\"background-color:rgba(0, 0, 0, 0)\" class=\"has-inline-color has-vivid-cyan-blue-color\">wersja doc<\/mark><\/a> (19 KB)<\/p>\n\n\n\n<p>Wniosek o wyp\u0142at\u0119 bonu energetycznego<br><a href=\"https:\/\/archiwum.mops-bialapodlaska.pl\/wp-content\/uploads\/2024\/08\/wniosek-bon-energetyczny.pdf\" target=\"_blank\" rel=\"noreferrer noopener\"><mark style=\"background-color:rgba(0, 0, 0, 0)\" class=\"has-inline-color has-vivid-cyan-blue-color\">wersja pdf<\/mark><\/a>   (2 000 KB)<\/p>\n","protected":false},"excerpt":{"rendered":"<p>Wzory druk\u00f3w Wzory druk\u00f3w dla os\u00f3b korzystaj\u0105cych ze \u015bwiadcze\u0144 z pomocy spo\u0142ecznej Wzory druk\u00f3w dotycz\u0105ce dofinansowa\u0144 ze \u015brodk\u00f3w PFRON Wzory druk\u00f3w w sprawie ustalenia stopnia niepe\u0142nosprawno\u015bci \u0422\u0443\u0442 \u0432\u0438 \u0437\u043d\u0430\u0439\u0434\u0435\u0442\u0435 \u0443\u043a\u0440\u0430\u0457\u043d\u0441\u044c\u043a\u0443 \u0432\u0435\u0440\u0441\u0456\u044e \u0437\u0430\u044f\u0430\u0432 Zadania zlecone Stypendia i zasi\u0142ki szkolne Wzory druk\u00f3w osobom ubiegaj\u0105cym si\u0119 o \u015bwiadczenia rodzinne, \u015bwiadczenie wychowawcze, \u015bwiadczenia z funduszu alimentacyjnego Wzory druk\u00f3w dla [&hellip;]<\/p>\n","protected":false},"author":1,"featured_media":0,"parent":0,"menu_order":0,"comment_status":"closed","ping_status":"closed","template":"","meta":[],"_links":{"self":[{"href":"https:\/\/archiwum.mops-bialapodlaska.pl\/index.php?rest_route=\/wp\/v2\/pages\/13"}],"collection":[{"href":"https:\/\/archiwum.mops-bialapodlaska.pl\/index.php?rest_route=\/wp\/v2\/pages"}],"about":[{"href":"https:\/\/archiwum.mops-bialapodlaska.pl\/index.php?rest_route=\/wp\/v2\/types\/page"}],"author":[{"embeddable":true,"href":"https:\/\/archiwum.mops-bialapodlaska.pl\/index.php?rest_route=\/wp\/v2\/users\/1"}],"replies":[{"embeddable":true,"href":"https:\/\/archiwum.mops-bialapodlaska.pl\/index.php?rest_route=%2Fwp%2Fv2%2Fcomments&post=13"}],"version-history":[{"count":43,"href":"https:\/\/archiwum.mops-bialapodlaska.pl\/index.php?rest_route=\/wp\/v2\/pages\/13\/revisions"}],"predecessor-version":[{"id":4080,"href":"https:\/\/archiwum.mops-bialapodlaska.pl\/index.php?rest_route=\/wp\/v2\/pages\/13\/revisions\/4080"}],"wp:attachment":[{"href":"https:\/\/archiwum.mops-bialapodlaska.pl\/index.php?rest_route=%2Fwp%2Fv2%2Fmedia&parent=13"}],"curies":[{"name":"wp","href":"https:\/\/api.w.org\/{rel}","templated":true}]}}