{"id":1277,"date":"2021-02-23T14:02:24","date_gmt":"2021-02-23T13:02:24","guid":{"rendered":"http:\/\/tbklhnu.cluster028.hosting.ovh.net\/?page_id=1277"},"modified":"2025-06-30T10:45:56","modified_gmt":"2025-06-30T08:45:56","slug":"piecza-zastepcza-2","status":"publish","type":"page","link":"https:\/\/archiwum.mops-bialapodlaska.pl\/?page_id=1277","title":{"rendered":"Piecza zast\u0119pcza"},"content":{"rendered":"\n<h2><strong>Piecza zast\u0119pcza<\/strong><\/h2>\n\n\n\n<p><\/p>\n\n\n\n<figure class=\"wp-block-embed aligncenter is-type-video is-provider-youtube wp-block-embed-youtube wp-embed-aspect-16-9 wp-has-aspect-ratio\"><div class=\"wp-block-embed__wrapper\">\n<iframe loading=\"lazy\" title=\"Piecza zast\u0119pcza - informacje\" width=\"640\" height=\"360\" src=\"https:\/\/www.youtube.com\/embed\/Yb5SmJwdf7M?feature=oembed\" frameborder=\"0\" allow=\"accelerometer; autoplay; clipboard-write; encrypted-media; gyroscope; picture-in-picture; web-share\" referrerpolicy=\"strict-origin-when-cross-origin\" allowfullscreen><\/iframe>\n<\/div><\/figure>\n\n\n\n<p><\/p>\n\n\n\n<p>\u201e<em><strong>Naturalnym i najw\u0142a\u015bciwszym miejscem dla ka\u017cdego dziecka jest rodzina. Rodzina zast\u0119pcza to najlepsza forma opieki nad dzieckiem, gdy nie mo\u017ce jej sprawowa\u0107 rodzina naturalna\u201d<\/strong><\/em><\/p>\n\n\n\n<p><strong>Formy rodzinnej pieczy zast\u0119pczej to:<\/strong><\/p>\n\n\n\n<ul>\n<li>rodzina zast\u0119pcza (spokrewniona, niezawodowa, zawodowa, zawodowa pe\u0142ni\u0105ca funkcj\u0119 pogotowia rodzinnego oraz zawodowa specjalistyczna),<\/li>\n\n\n\n<li>rodzinny dom dziecka.<\/li>\n<\/ul>\n\n\n\n<p><strong>Formy instytucjonalnej pieczy zast\u0119pczej to:<\/strong><\/p>\n\n\n\n<ul>\n<li>plac\u00f3wki opieku\u0144czo-wychowawcze,<\/li>\n\n\n\n<li>regionalne plac\u00f3wki opieku\u0144czo-terapeutyczne,<\/li>\n\n\n\n<li>interwencyjne o\u015brodki preadopcyjne.<\/li>\n<\/ul>\n\n\n\n<p><strong>Umieszczenie dziecka w pieczy zast\u0119pczej&nbsp;nast\u0119puje na podstawie:<\/strong><\/p>\n\n\n\n<ul>\n<li>orzeczenia s\u0105du;<\/li>\n\n\n\n<li>w przypadku gdy dziecko zosta\u0142o doprowadzone przez policj\u0119 lub stra\u017c graniczn\u0105;<\/li>\n\n\n\n<li>na wniosek rodzic\u00f3w, dziecka, osoby trzeciej lub umieszcza si\u0119 dziecko w trybie art. 12 ustawy z dnia 29 lipca 2005 r. o przeciwdzia\u0142aniu przemocy w rodzinie.<\/li>\n<\/ul>\n\n\n\n<p><strong>Kto mo\u017ce pe\u0142ni\u0107 rodzinn\u0105 piecz\u0119 zast\u0119pcz\u0105?<\/strong><\/p>\n\n\n\n<p>Rodzin\u0119 zast\u0119pcz\u0105 lub rodzinny dom dziecka mog\u0105 tworzy\u0107 ma\u0142\u017conkowie lub osoba, kt\u00f3rzy:<\/p>\n\n\n\n<ul>\n<li>daj\u0105 r\u0119kojmi\u0119 nale\u017cytego sprawowania pieczy zast\u0119pczej,<\/li>\n\n\n\n<li>nie s\u0105 i nie byli pozbawieni w\u0142adzy rodzicielskiej oraz w\u0142adza rodzicielska nie jest im ograniczona ani zawieszona,<\/li>\n\n\n\n<li>wype\u0142niaj\u0105 obowi\u0105zek alimentacyjny, je\u015bli taki obowi\u0105zek wynika wobec nich z tytu\u0142u egzekucyjnego,<\/li>\n\n\n\n<li>nie s\u0105 ograniczeni w zdolno\u015bci do czynno\u015bci prawnych,<\/li>\n\n\n\n<li>s\u0105 zdolni do sprawowania w\u0142a\u015bciwej opieki nad dzieckiem, co zosta\u0142o potwierdzone za\u015bwiadczeniem lekarza podstawowej opieki zdrowotnej oraz opini\u0105 psychologa o posiadaniu predyspozycji i motywacji do pe\u0142nienia funkcji rodziny zast\u0119pczej lub prowadzenia rodzinnego domu dziecka,<\/li>\n\n\n\n<li>przebywaj\u0105 na terytorium Rzeczypospolitej Polskiej,<\/li>\n\n\n\n<li>zapewniaj\u0105 odpowiednie warunki, umo\u017cliwiaj\u0105ce zaspokojenie indywidualnych potrzeb dziecka, w tym rozwoju emocjonalnego, fizycznego i spo\u0142ecznego, w\u0142a\u015bciwej edukacji i rozwoju zainteresowa\u0144 oraz wypoczynku i organizacji czasu wolnego.<\/li>\n<\/ul>\n\n\n\n<p><strong>W przypadku rodziny zast\u0119pczej niezawodowej co najmniej jedna osoba, tworz\u0105ca t\u0119 rodzin\u0119, musi posiada\u0107&nbsp;<\/strong><em><strong>sta\u0142e \u017ar\u00f3d\u0142o dochod\u00f3w<\/strong><\/em><strong>.<\/strong><\/p>\n\n\n\n<p>Kandydaci do pe\u0142nienia funkcji rodziny zast\u0119pczej zawodowej, rodziny zast\u0119pczej niezawodowej oraz do prowadzenia rodzinnego domu dziecka winni posiada\u0107 <em>\u015bwiadectwo uko\u0144czenia szkolenia<\/em> organizowanego przez organizatora rodzinnej pieczy zast\u0119pczej.<\/p>\n\n\n\n<p><strong>Wsparcie rodzin zast\u0119pczych i rodzinnych dom\u00f3w dziecka<\/strong><\/p>\n\n\n\n<p>Na wniosek rodziny zast\u0119pczej i rodzinnych dom\u00f3w dziecka mog\u0105 one by\u0107 wspierane przez <strong>rodziny pomocowe, <\/strong>w szczeg\u00f3lno\u015bci w okresie czasowego nie sprawowania opieki nad dzieckiem, w zwi\u0105zku z p\u0142atnym wypoczynkiem os\u00f3b pe\u0142ni\u0105cych piecz\u0119, udzia\u0142em w&nbsp;szkoleniach lub pobytem w szpitalu oraz w okresie nieprzewidzianych trudno\u015bci lub zdarze\u0144 losowych w rodzinie zast\u0119pczej lub rodzinnym domu dziecka.<\/p>\n\n\n\n<p><strong>Rodziny zast\u0119pcze i rodzinne domy dziecka obejmuje si\u0119 na ich wniosek opiek\u0105 koordynatora rodzinnej pieczy zast\u0119pczej.<\/strong><\/p>\n\n\n\n<p><strong>Do zada\u0144 koordynatora rodzinnej pieczy zast\u0119pczej nale\u017cy w szczeg\u00f3lno\u015bci:<\/strong><\/p>\n\n\n\n<p>1) udzielanie pomocy rodzinom zast\u0119pczym i prowadz\u0105cym rodzinne domy dziecka w realizacji zada\u0144 wynikaj\u0105cych z pieczy zast\u0119pczej,<br>2) przygotowanie planu pomocy dziecka,<br>3) pomoc rodzinom zast\u0119pczym oraz prowadz\u0105cym rodzinne domy dziecka w nawi\u0105zaniu wzajemnego kontaktu,<br>4) zapewnienie rodzinom zast\u0119pczym oraz prowadz\u0105cym rodzinne domy dziecka dost\u0119pu do specjalistycznej pomocy dla dzieci, w tym psychologicznej, reedukacyjnej i rehabilitacyjnej,<br>5) zg\u0142aszanie do o\u015brodk\u00f3w adopcyjnych informacji o dzieciach z uregulowan\u0105 sytuacj\u0105 prawn\u0105, w celu poszukiwania dla nich rodzin przysposabiaj\u0105cych,<br>6) udzielanie wsparcia pe\u0142noletnim wychowankom rodzinnych form pieczy zast\u0119pczej,<br>7) przedstawianie corocznego sprawozdania z efekt\u00f3w pracy organizatorowi rodzinnej pieczy zast\u0119pczej.<\/p>\n\n\n\n<p>W przypadku czasowego niesprawowania opieki nad dzieckiem przez rodzin\u0119 zast\u0119pcz\u0105 lub prowadz\u0105cego rodzinny dom dziecka piecza zast\u0119pcza nad dzieckiem mo\u017ce zosta\u0107 powierzona <strong>rodzinie pomocowej<\/strong>.<\/p>\n\n\n\n<p><strong>Wysoko\u015b\u0107 przyznawanej pomocy na cz\u0119\u015bciowe pokrycie koszt\u00f3w utrzymania dziecka<\/strong><\/p>\n\n\n\n<p>Na ka\u017cde dziecko umieszczone w rodzinnej pieczy zast\u0119pczej przys\u0142uguje \u015bwiadczenie na pokrycie koszt\u00f3w jego utrzymania, nie ni\u017csze ni\u017c kwota:<\/p>\n\n\n\n<ul>\n<li><strong>1002 z\u0142 miesi\u0119cznie<\/strong> \u2013 w przypadku dziecka umieszczonego w rodzinie zast\u0119pczej spokrewnionej,<\/li>\n\n\n\n<li><strong>1517<\/strong><strong> z\u0142 miesi\u0119cznie<\/strong> \u2013 w przypadku dziecka umieszczonego w rodzinie zast\u0119pczej zawodowej, rodzinie zast\u0119pczej niezawodowej lub rodzinnym domu dziecka.<\/li>\n<\/ul>\n\n\n\n<p><strong>\u015awiadczenie na pokrycie koszt\u00f3w utrzymania dziecka w rodzinnej pieczy zast\u0119pczej wyp\u0142aca si\u0119 na wniosek os\u00f3b prowadz\u0105cych tak\u0105 rodzin\u0119 lub rodzinny dom dziecka.<\/strong><\/p>\n\n\n\n<p><strong>Przys\u0142uguj\u0105ce dodatki do pomocy na pokrycie koszt\u00f3w utrzymania dziecka<\/strong><\/p>\n\n\n\n<p>\u2013 na dziecko umieszczone w rodzinie zast\u0119pczej lub rodzinnym domu dziecka, legitymuj\u0105ce si\u0119 <strong>orzeczeniem o niepe\u0142nosprawno\u015bci lub orzeczeniem o znacznym lub umiarkowanym stopniu niepe\u0142nosprawno\u015bci, <\/strong>przys\u0142uguje dodatek nie ni\u017cszy ni\u017c <strong>306 z\u0142<\/strong> miesi\u0119cznie na pokrycie zwi\u0119kszonych koszt\u00f3w utrzymania,<\/p>\n\n\n\n<p>\u2013 na dziecko umieszczone w zawodowej rodzinie zast\u0119pczej, <strong>na podstawie ustawy o&nbsp;post\u0119powaniu w sprawach nieletnich<\/strong>, przys\u0142uguje dodatek nie ni\u017cszy ni\u017c <strong><strong>306<\/strong> z\u0142<\/strong> miesi\u0119cznie na pokrycie zwi\u0119kszonych koszt\u00f3w utrzymania tego dziecka.<\/p>\n\n\n\n<p><strong>\u015awiadczenia realizowane przez Zak\u0142ad Ubezpiecze\u0144 Spo\u0142ecznych:<\/strong><\/p>\n\n\n\n<p>\u2013 na dziecko umieszczone w rodzinie zast\u0119pczej lub rodzinnym domu dziecka przys\u0142uguje \u015bwiadczenie wychowawcze w kwocie <strong>800 z\u0142<\/strong> miesi\u0119cznie.<\/p>\n\n\n\n<p><strong>&#8211; \u201eDobry Start\u201d <\/strong>przys\u0142uguje, w zwi\u0105zku z rozpocz\u0119ciem roku szkolnego, w wysoko\u015bci 300 z\u0142:<br>a) rodzinom zast\u0119pczym \u2013 raz w roku na dziecko;<br>b) osobom ucz\u0105cym si\u0119, kt\u00f3re s\u0105 osobami usamodzielnianymi w rozumieniu ustawy o wspieraniu rodziny i systemie pieczy \u2013 raz w roku.<\/p>\n\n\n\n<p><strong>Fakultatywna pomoc na zaspokojenie potrzeb dziecka<\/strong><\/p>\n\n\n\n<p>Rodzinie zast\u0119pczej i prowadz\u0105cemu rodzinny dom dziecka starosta mo\u017ce przyzna\u0107:<\/p>\n\n\n\n<ul>\n<li>pomoc na dofinansowanie do wypoczynku poza miejscem zamieszkania dziecka,<\/li>\n\n\n\n<li>jednorazowe \u015bwiadczenie na pokrycie niezb\u0119dnych wydatk\u00f3w zwi\u0105zanych z potrzebami przyjmowanego dziecka,<\/li>\n\n\n\n<li>jednorazowe lub okresowe \u015bwiadczenie na pokrycie wydatk\u00f3w zwi\u0105zanych z wyst\u0105pieniem zdarze\u0144 losowych lub innych zdarze\u0144 maj\u0105cych wp\u0142yw na jako\u015b\u0107 sprawowanej opieki.<\/li>\n<\/ul>\n\n\n\n<p><strong>POMOC OSOBOM USAMODZIELNIANYM<\/strong><\/p>\n\n\n\n<p>Osobie opuszczaj\u0105cej, po osi\u0105gni\u0119ciu pe\u0142noletnio\u015bci, rodzin\u0119 zast\u0119pcz\u0105, rodzinny dom dziecka, plac\u00f3wk\u0119 opieku\u0144czo \u2013 wychowawcz\u0105 lub regionaln\u0105 plac\u00f3wk\u0119 opieku\u0144czo \u2013 terapeutyczn\u0105, w przypadku gdy umieszczenie w pieczy zast\u0119pczej nast\u0105pi\u0142o na podstawie orzeczenia s\u0105du:<br>1) przyznaje si\u0119 pomoc na:<br>a) kontynuowanie nauki,<br>b) usamodzielnienie,<br>c) zagospodarowanie;<br>2) udziela si\u0119 pomocy w uzyskaniu<br>a) odpowiednich warunk\u00f3w mieszkaniowych,<br>b) zatrudnienia.<\/p>\n\n\n\n<ul>\n<li>Przez osob\u0119 usamodzielnian\u0105 rozumie si\u0119 r\u00f3wnie\u017c osob\u0119, kt\u00f3rej pobyt w rodzinnej pieczy zast\u0119pczej usta\u0142 na skutek \u015bmierci os\u00f3b tworz\u0105cych rodzin\u0119 zast\u0119pcz\u0105 lub osoby prowadz\u0105cej rodzinny dom dziecka, w okresie 6 miesi\u0119cy przed osi\u0105gni\u0119ciem przez osob\u0119 usamodzielnian\u0105 pe\u0142noletnio\u015bci.<\/li>\n<\/ul>\n\n\n\n<p><strong>Pomoc na kontynuowanie nauki przyznaje si\u0119 osobie usamodzielnianej, je\u017celi:<\/strong><\/p>\n\n\n\n<ul>\n<li>w szkole,<\/li>\n\n\n\n<li>w zak\u0142adzie kszta\u0142cenia nauczycieli,<\/li>\n\n\n\n<li>w uczelni,<\/li>\n\n\n\n<li>na kursach, je\u015bli ich uko\u0144czenie jest zgodne z&nbsp;indywidualnym programem usamodzielnienia,<\/li>\n\n\n\n<li>u pracodawcy w&nbsp;celu przygotowania zawodowego.<\/li>\n<\/ul>\n\n\n\n<p>Wysoko\u015b\u0107 pomocy wynosi nie mniej ni\u017c <strong>759 z\u0142<\/strong> miesi\u0119cznie. Pomoc przyznaje si\u0119 na czas nauki, nie d\u0142u\u017cej jednak ni\u017c do uko\u0144czenia przez osob\u0119 usamodzielnian\u0105 25 roku \u017cycia. Pomoc przys\u0142uguje w czasie trwania odpowiednio roku szkolnego, roku akademickiego, kursu albo przygotowania zawodowego.<\/p>\n\n\n\n<p><strong>Pomocy na usamodzielnienie:<\/strong><\/p>\n\n\n\n<p>Wysoko\u015b\u0107 pomocy na usamodzielnienie wynosi:<\/p>\n\n\n\n<p>\u2013 w przypadku osoby usamodzielnianej opuszczaj\u0105cej rodzin\u0119 zast\u0119pcz\u0105 spokrewnion\u0105 \u2013 nie mniej ni\u017c <strong>4998<\/strong> <strong>z\u0142<\/strong>, je\u017celi przebywa\u0142a w pieczy zast\u0119pczej przez okres co najmniej 3 lat;<br>\u2013 w przypadku osoby usamodzielnianej opuszczaj\u0105cej rodzin\u0119 zast\u0119pcz\u0105 niezawodow\u0105, rodzin\u0119 zast\u0119pcz\u0105 zawodow\u0105, rodzinny dom dziecka, plac\u00f3wk\u0119 opieku\u0144czo \u2013 wychowawcz\u0105 lub regionaln\u0105 plac\u00f3wk\u0119 opieku\u0144czo \u2013 terapeutyczn\u0105:<br>a) nie mniej ni\u017c <strong>9991 z\u0142<\/strong> \u2013 je\u017celi przebywa\u0142a w pieczy zast\u0119pczej przez okres powy\u017cej 3 lat,<br>b) nie mniej ni\u017c <strong>4998 z\u0142<\/strong> \u2013 je\u017celi przebywa\u0142a w pieczy zast\u0119pczej przez okres od 2 do 3 lat,<br>c) nie mniej ni\u017c <strong>2500 z\u0142<\/strong> \u2013 je\u015bli przebywa\u0142a w pieczy zast\u0119pczej przez okres poni\u017cej 2 lat, nie kr\u00f3cej jednak ni\u017c przez okres roku.<\/p>\n\n\n\n<p>\u2013 Pomoc na usamodzielnienie mo\u017ce zosta\u0107 wyp\u0142acona, w zale\u017cno\u015bci od ustale\u0144 indywidualnego programu usamodzielniania, jednorazowo lub w ratach, nie p\u00f3\u017aniej jednak, ni\u017c do uko\u0144czenia przez osob\u0119 usamodzielnian\u0105 26 roku \u017cycia.<\/p>\n\n\n\n<p>\u2013 W przypadku gdy osoba usamodzielniana otrzymuje pomoc na kontynuowanie nauki, pomoc na usamodzielnienie jest wyp\u0142acana po zako\u0144czeniu pobierania pomocy na kontynuowanie nauki. W uzasadnionych przypadkach pomoc na usamodzielnienie mo\u017ce zosta\u0107 wyp\u0142acona w trakcie wyp\u0142acania pomocy na kontynuowanie nauki.<\/p>\n\n\n\n<p>\u2013 Pomoc na zagospodarowanie jest wyp\u0142acana jednorazowo, nie p\u00f3\u017aniej ni\u017c do uko\u0144czenia przez osob\u0119 usamodzielnian\u0105 26 roku \u017cycia w wysoko\u015bci nie ni\u017cszej ni\u017c <strong>2272<\/strong><strong> z\u0142<\/strong>, a w przypadku osoby legitymuj\u0105cej si\u0119 orzeczeniem o umiarkowanym albo znacznym stopniu niepe\u0142nosprawno\u015bci w wysoko\u015bci nie ni\u017cszej ni\u017c <strong>4542<\/strong><strong> z\u0142.<\/strong><\/p>\n\n\n\n<p>\u2013 Pomoc na zagospodarowanie mo\u017ce by\u0107 przyznana w formie rzeczowej.<\/p>\n","protected":false},"excerpt":{"rendered":"<p>Piecza zast\u0119pcza \u201eNaturalnym i najw\u0142a\u015bciwszym miejscem dla ka\u017cdego dziecka jest rodzina. Rodzina zast\u0119pcza to najlepsza forma opieki nad dzieckiem, gdy nie mo\u017ce jej sprawowa\u0107 rodzina naturalna\u201d Formy rodzinnej pieczy zast\u0119pczej to: Formy instytucjonalnej pieczy zast\u0119pczej to: Umieszczenie dziecka w pieczy zast\u0119pczej&nbsp;nast\u0119puje na podstawie: Kto mo\u017ce pe\u0142ni\u0107 rodzinn\u0105 piecz\u0119 zast\u0119pcz\u0105? Rodzin\u0119 zast\u0119pcz\u0105 lub rodzinny dom dziecka [&hellip;]<\/p>\n","protected":false},"author":1,"featured_media":0,"parent":0,"menu_order":0,"comment_status":"closed","ping_status":"closed","template":"","meta":[],"_links":{"self":[{"href":"https:\/\/archiwum.mops-bialapodlaska.pl\/index.php?rest_route=\/wp\/v2\/pages\/1277"}],"collection":[{"href":"https:\/\/archiwum.mops-bialapodlaska.pl\/index.php?rest_route=\/wp\/v2\/pages"}],"about":[{"href":"https:\/\/archiwum.mops-bialapodlaska.pl\/index.php?rest_route=\/wp\/v2\/types\/page"}],"author":[{"embeddable":true,"href":"https:\/\/archiwum.mops-bialapodlaska.pl\/index.php?rest_route=\/wp\/v2\/users\/1"}],"replies":[{"embeddable":true,"href":"https:\/\/archiwum.mops-bialapodlaska.pl\/index.php?rest_route=%2Fwp%2Fv2%2Fcomments&post=1277"}],"version-history":[{"count":13,"href":"https:\/\/archiwum.mops-bialapodlaska.pl\/index.php?rest_route=\/wp\/v2\/pages\/1277\/revisions"}],"predecessor-version":[{"id":4495,"href":"https:\/\/archiwum.mops-bialapodlaska.pl\/index.php?rest_route=\/wp\/v2\/pages\/1277\/revisions\/4495"}],"wp:attachment":[{"href":"https:\/\/archiwum.mops-bialapodlaska.pl\/index.php?rest_route=%2Fwp%2Fv2%2Fmedia&parent=1277"}],"curies":[{"name":"wp","href":"https:\/\/api.w.org\/{rel}","templated":true}]}}