{"id":1243,"date":"2021-02-12T12:00:33","date_gmt":"2021-02-12T11:00:33","guid":{"rendered":"http:\/\/tbklhnu.cluster028.hosting.ovh.net\/?page_id=1243"},"modified":"2023-02-23T13:05:52","modified_gmt":"2023-02-23T12:05:52","slug":"program-asystent-osobisty-osoby-niepelnosprawnej-edycja-2021","status":"publish","type":"page","link":"https:\/\/archiwum.mops-bialapodlaska.pl\/?page_id=1243","title":{"rendered":"Program \u201eAsystent osobisty osoby niepe\u0142nosprawnej\u201d \u2013 edycja 2021"},"content":{"rendered":"\n<p class=\"has-large-font-size\"><strong>Program \u201eAsystent osobisty osoby niepe\u0142nosprawnej\u201d \u2013 edycja 2021<\/strong><\/p>\n\n\n\n<figure class=\"wp-block-image size-large\"><img decoding=\"async\" loading=\"lazy\" width=\"1024\" height=\"512\" src=\"http:\/\/tbklhnu.cluster028.hosting.ovh.net\/wp-content\/uploads\/2021\/04\/logo_MRiPS_png-1024x512.png\" alt=\"\" class=\"wp-image-1384\" srcset=\"https:\/\/archiwum.mops-bialapodlaska.pl\/wp-content\/uploads\/2021\/04\/logo_MRiPS_png-1024x512.png 1024w, https:\/\/archiwum.mops-bialapodlaska.pl\/wp-content\/uploads\/2021\/04\/logo_MRiPS_png-300x150.png 300w, https:\/\/archiwum.mops-bialapodlaska.pl\/wp-content\/uploads\/2021\/04\/logo_MRiPS_png-768x384.png 768w, https:\/\/archiwum.mops-bialapodlaska.pl\/wp-content\/uploads\/2021\/04\/logo_MRiPS_png.png 1182w\" sizes=\"(max-width: 1024px) 100vw, 1024px\" \/><\/figure>\n\n\n\n<p><a rel=\"noreferrer noopener\" href=\"http:\/\/tbklhnu.cluster028.hosting.ovh.net\/wp-content\/uploads\/2021\/06\/info_aoon_strona_2021.pdf\" target=\"_blank\"><mark style=\"background-color:rgba(0, 0, 0, 0)\" class=\"has-inline-color has-vivid-cyan-blue-color\">Informacja o dofinansowaniu Programu &#8222;Asystent osobisty osoby niepe\u0142nosprawnej&#8221; &#8211; edycja 2021<\/mark><\/a><\/p>\n\n\n\n<p><a rel=\"noreferrer noopener\" href=\"http:\/\/tbklhnu.cluster028.hosting.ovh.net\/wp-content\/uploads\/2021\/04\/oglosenie_o_naborze_aoon_2021.pdf\" target=\"_blank\"><mark style=\"background-color:rgba(0, 0, 0, 0)\" class=\"has-inline-color has-vivid-cyan-blue-color\">Og\u0142oszenie o naborze kart zg\u0142osze\u0144 do Programu &#8222;Asystent osobisty osoby niepe\u0142nosprawnej&#8221; &#8211; edycja 2021<\/mark><\/a><\/p>\n\n\n\n<p><a rel=\"noreferrer noopener\" href=\"http:\/\/tbklhnu.cluster028.hosting.ovh.net\/wp-content\/uploads\/2021\/04\/zal_8_wzor_karty_zgloszenia_do_programu_aoon.pdf\" target=\"_blank\"><mark style=\"background-color:rgba(0, 0, 0, 0)\" class=\"has-inline-color has-vivid-cyan-blue-color\">Wz\u00f3r karty zg\u0142oszenia do Programu &#8211; za\u0142\u0105cznik nr 8 do Programu<\/mark><\/a><\/p>\n\n\n\n<p><a rel=\"noreferrer noopener\" href=\"http:\/\/tbklhnu.cluster028.hosting.ovh.net\/wp-content\/uploads\/2021\/04\/rodo_klauzula_aoon.pdf\" target=\"_blank\"><mark style=\"background-color:rgba(0, 0, 0, 0)\" class=\"has-inline-color has-vivid-cyan-blue-color\">O\u015bwiadczenie o zapoznaniu si\u0119 z klauzul\u0105 informacyjn\u0105 RODO<\/mark><\/a><\/p>\n\n\n\n<p><a rel=\"noreferrer noopener\" href=\"http:\/\/tbklhnu.cluster028.hosting.ovh.net\/wp-content\/uploads\/2021\/04\/program_asystent_osobisty_osoby_niepelnosprawnej_edycja_2021.pdf\" target=\"_blank\"><mark style=\"background-color:rgba(0, 0, 0, 0)\" class=\"has-inline-color has-vivid-cyan-blue-color\">Tre\u015b\u0107 Programu &#8222;Asystent osobisty osoby niepe\u0142nosprawnej&#8221; edycja 2021<\/mark><\/a><\/p>\n\n\n\n<p class=\"has-text-align-center\"><a rel=\"noreferrer noopener\" href=\"http:\/\/www.niepelnosprawni.gov.pl\/a,1175,komunikat-o-zmianie-programu-oraz-o-publikacji-listy-rekomendowanych-wnioskow-w-ramach-programu-asystent-osobisty-osoby-niepelnosprawnej-edycja-2021\" target=\"_blank\"><mark style=\"background-color:rgba(0, 0, 0, 0)\" class=\"has-inline-color has-vivid-cyan-blue-color\">Komunikat Ministra Rodziny i Polityki Spo\u0142ecznej o zmianie programu oraz o publikacji listy rekomendowanych wniosk\u00f3w w ramach Programu &#8222;Asystent osobisty osoby niepe\u0142nosprawnej&#8221; &#8211; edycja 2021<\/mark><\/a><\/p>\n\n\n\n<p class=\"has-text-align-center\"><a rel=\"noreferrer noopener\" href=\"http:\/\/tbklhnu.cluster028.hosting.ovh.net\/wp-content\/uploads\/2021\/02\/Komunikat_op_wytch_aoon11-02-2021.pdf\" target=\"_blank\"><mark style=\"background-color:rgba(0, 0, 0, 0)\" class=\"has-inline-color has-vivid-cyan-blue-color\">Komunikat Ministra Rodziny i Polityki Spo\u0142ecznej w sprawie wyd\u0142u\u017cenia terminu ostatecznej weryfikacji i zatwierdzenia wniosk\u00f3w z\u0142o\u017conych przez wojewod\u00f3w w ramach Programu \u201eAsystent osobisty osoby niepe\u0142nosprawnej\u201d \u2212 edycja 2021<\/mark><\/a><\/p>\n\n\n\n<p class=\"has-medium-font-size\"><strong>Program \u201eAsystent osobisty osoby niepe\u0142nosprawnej\u201d \u2013 edycja 2021<\/strong><\/p>\n\n\n\n<p>Minister Rodziny i Polityki Spo\u0142ecznej na podstawie art. 7 ust. 5 oraz art. 12 ust. 1 ustawy z dnia 23 pa\u017adziernika 2018 r. o Funduszu Solidarno\u015bciowym (Dz. U. z 2020 r. poz. 1787) og\u0142osi\u0142 nab\u00f3r wniosk\u00f3w na realizacj\u0119 Programu pn. \u201eAsystent osobisty osoby niepe\u0142nosprawnej\u201d \u2212 edycja 2021.<\/p>\n\n\n\n<p class=\"has-text-align-center\"><a rel=\"noreferrer noopener\" href=\"http:\/\/www.niepelnosprawni.gov.pl\/a,1133,komunikat-o-ogloszeniu-programu-asystent-osobisty-osoby-niepelnosprawnej-edycja-2021\" target=\"_blank\"><mark style=\"background-color:rgba(0, 0, 0, 0)\" class=\"has-inline-color has-vivid-cyan-blue-color\">Szczeg\u00f3\u0142owe informacje<\/mark><\/a><\/p>\n","protected":false},"excerpt":{"rendered":"<p>Program \u201eAsystent osobisty osoby niepe\u0142nosprawnej\u201d \u2013 edycja 2021 Informacja o dofinansowaniu Programu &#8222;Asystent osobisty osoby niepe\u0142nosprawnej&#8221; &#8211; edycja 2021 Og\u0142oszenie o naborze kart zg\u0142osze\u0144 do Programu &#8222;Asystent osobisty osoby niepe\u0142nosprawnej&#8221; &#8211; edycja 2021 Wz\u00f3r karty zg\u0142oszenia do Programu &#8211; za\u0142\u0105cznik nr 8 do Programu O\u015bwiadczenie o zapoznaniu si\u0119 z klauzul\u0105 informacyjn\u0105 RODO Tre\u015b\u0107 Programu &#8222;Asystent [&hellip;]<\/p>\n","protected":false},"author":1,"featured_media":0,"parent":0,"menu_order":0,"comment_status":"closed","ping_status":"closed","template":"","meta":[],"_links":{"self":[{"href":"https:\/\/archiwum.mops-bialapodlaska.pl\/index.php?rest_route=\/wp\/v2\/pages\/1243"}],"collection":[{"href":"https:\/\/archiwum.mops-bialapodlaska.pl\/index.php?rest_route=\/wp\/v2\/pages"}],"about":[{"href":"https:\/\/archiwum.mops-bialapodlaska.pl\/index.php?rest_route=\/wp\/v2\/types\/page"}],"author":[{"embeddable":true,"href":"https:\/\/archiwum.mops-bialapodlaska.pl\/index.php?rest_route=\/wp\/v2\/users\/1"}],"replies":[{"embeddable":true,"href":"https:\/\/archiwum.mops-bialapodlaska.pl\/index.php?rest_route=%2Fwp%2Fv2%2Fcomments&post=1243"}],"version-history":[{"count":9,"href":"https:\/\/archiwum.mops-bialapodlaska.pl\/index.php?rest_route=\/wp\/v2\/pages\/1243\/revisions"}],"predecessor-version":[{"id":3001,"href":"https:\/\/archiwum.mops-bialapodlaska.pl\/index.php?rest_route=\/wp\/v2\/pages\/1243\/revisions\/3001"}],"wp:attachment":[{"href":"https:\/\/archiwum.mops-bialapodlaska.pl\/index.php?rest_route=%2Fwp%2Fv2%2Fmedia&parent=1243"}],"curies":[{"name":"wp","href":"https:\/\/api.w.org\/{rel}","templated":true}]}}